444?
5
What is the hundred thousands digit of 1440368?
4
What is the tens digit of 573025?
2
What is the thousands digit of 47864?
7
What is the units digit of 6516098?
8
What is the units digit of 3797306?
6
What is the hundred thousands digit of 2133081?
1
What is the hundreds digit of 2929266?
2
What is the hundreds digit of 1105582?
5
What is the ten thousands digit of 824517?
2
What is the ten thousands digit of 260726?
6
What is the units digit of 2339333?
3
What is the hundreds digit of 56407?
4
What is the ten thousands digit of 127837?
2
What is the ten thousands digit of 1513122?
1
What is the thousands digit of 4466381?
6
What is the ten thousands digit of 876559?
7
What is the thousands digit of 45641?
5
What is the tens digit of 135654?
5
What is the units digit of 3769344?
4
What is the ten thousands digit of 359927?
5
What is the millions digit of 10514597?
0
What is the thousands digit of 683520?
3
What is the hundreds digit of 122402?
4
What is the hundreds digit of 84456?
4
What is the hundred thousands digit of 39296714?
2
What is the hundred thousands digit of 20872289?
8
What is the ten thousands digit of 6448529?
4
What is the hundreds digit of 6611819?
8
What is the ten thousands digit of 113538?
1
What is the units digit of 7019110?
0
What is the tens digit of 257568?
6
What is the tens digit of 258911?
1
What is the hundreds digit of 1395902?
9
What is the units digit of 1442635?
5
What is the hundreds digit of 1556221?
2
What is the ten thousands digit of 12903116?
0
What is the tens digit of 733543?
4
What is the tens digit of 155157?
5
What is the millions digit of 3801705?
3
What is the hundred thousands digit of 2225487?
2
What is the tens digit of 8176011?
1
What is the units digit of 180386?
6
What is the tens digit of 2670264?
6
What is the hundred thousands digit of 734215?
7
What is the tens digit of 778876?
7
What is the hundred thousands digit of 612137?
6
What is the units digit of 20339742?
2
What is the ten thousands digit of 116832?
1
What is the tens digit of 134982?
8
What is the hundreds digit of 1099343?
3
What is the hundred thousands digit of 5177275?
1
What is the ten millions digit of 38392376?
3
What is the hundred thousands digit of 1415891?
4
What is the thousands digit of 61945?
1
What is the ten thousands digit of 1572254?
7
What is the units digit of 175900?
0
What is the thousands digit of 1699435?
9
What is the tens digit of 13502388?
8
What is the units digit of 20460?
0
What is the units digit of 1391997?
7
What is the thousands digit of 153236?
3
What is the tens digit of 1503435?
3
What is the hundred thousands digit of 3051819?
0
What is the millions digit of 13861511?
3
What is the thousands digit of 14899357?
9
What is the thousands digit of 20222?
0
What is the hundreds digit of 166686?
6
What is the thousands digit of 13255558?
5
What is the hundred thousands digit of 11902608?
9
What is the ten millions digit of 22095796?
2
What is the ten thousands digit of 90178?
9
What is the hundreds digit of 8467605?
6
What is the hundreds digit of 824780?
7
What is the units digit of 40564270?
0
What is the thousands digit of 3758371?
8
What is the hundred thousands digit of 154666?
1
What is the units digit of 17807?
7
What is the hundred thousands digit of 216482?
2
What is the ten thousands digit of 1877249?
7
What is the tens digit of 269973?
7
What is the millions digit of 2045386?
2
What is the units digit of 8865936?
6
What is the hundred thousands digit of 445453?
4
What is the ten thousands digit of 8333522?
3
What is the units digit of 112461?
1
What is the thousands digit of 6643493?
3
What is the thousands digit of 226508?
6
What is the units digit of 178705?
5
What is the millions digit of 11446322?
1
What is the tens digit of 6883625?
2
What is the thousands digit of 93033?
3
What is the ten thousands digit of 16144879?
4
What is the units digit of 75611?
1
What is the ten thousands digit of 889216?
8
What is the ten thousands digit of 237843?
3
What is the ten thousands digit of 678966?
7
What is the tens digit of 35063893?
9
What is the hundred thousands digit of 2143411?
1
What is the hundred thousands digit of 677134?
6
What is the tens digit of 274393?
9
What is the units digit of 642442?
2
What is the hundreds digit of 232008?
0
What is the hundreds digit of 225778?
7
What is the hundreds digit of 2054960?
9
What is the millions digit of 1146482?
1
What is the ten thousands digit of 413983?
1
What is the tens digit of 97215?
1
What is the ten thousands digit of 6511577?
1
What is the hundreds digit of 179145?
1
What is the hundred thousands digit of 2573405?
5
What is the tens digit of 352546?
4
What is the ten thousands digit of 5977728?
7
What is the hundred thousands digit of 169169?
1
What is the hundred thousands digit of 225847?
2
What is the units digit of 74682?
2
What is the tens digit of 3066503?
0
What is the hundreds digit of 6148380?
3
What is the tens digit of 514568?
6
What is the ten thousands digit of 19397278?
9
What is the ten thousands digit of 19802141?
0
What is the ten thousands digit of 3392650?
9
What is the ten thousands digit of 578784?
7
What is the thousands digit of 959700?
9
What is the hundred thousands digit of 1574886?
5
What is the thousands digit of 1364416?
4
What is the ten thousands digit of 3548630?
4
What is the units digit of 1521938?
8
What is the millions digit of 1012816?
1
What is the tens digit of 187045?
4
What is the thousands digit of 235210?
5
What is the thousands digit of 16879901?
9
What is the thousands digit of 1003704?
3
What is the hundreds digit of 51033?
0
What is the tens digit of 858586?
8
What is the thousands digit of 893869?
3
What is the ten thousands digit of 10354305?
5
What is the thousands digit of 201081?
1
What is the tens digit of 1600288?
8
What is the thousands digit of 2894746?
4
What is the millions digit of 1979971?
1
What is the thousands digit of 398388?
8
What is the tens digit of 592130?
3
What is the units digit of 288262?
2
What is the hundreds digit of 690689?
6
What is the thousands digit of 1046626?
6
What is the ten thousands digit of 395487?
9
What is the hundred thousands digit of 7962887?
9
What is the units digit of 5068827?
7
What is the units digit of 149410?
0
What is the thousands digit of 149240?
9
What is the hundred thousands digit of 257939?
2
What is the hundreds digit of 887236?
2
What is the tens digit of 6477?
7
What is the millions digit of 29525044?
9
What is the thousands digit of 400853?
0
What is the thousands digit of 2438496?
8
What is the tens digit of 227816?
1
What is the tens digit of 1041397?
9
What is the ten thousands digit of 1177001?
7
What is the millions digit of 3692835?
3
What is the units digit of 576195?
5
What is the units digit of 20862?
2
What is the units digit of 3042776?
6
What is the thousands digit of 29180846?
0
What is the hundred thousands digit of 4327823?
3
What is the tens digit of 123325?
2
What is the units digit of 7640702?
2
What is the ten thousands digit of 425146?
2
What is the tens digit of 2424375?
7
What is the units digit of 95377?
7
What is the millions digit of 24066255?
4
What is the thousands digit of 50314?
0
What is the hundreds digit of 910359?
3
What is the millions digit of 1034285?
1
What is the units digit of 875575?
5
What is the hundreds digit of 390791?
7
What is the ten thousands digit of 207951?
0
What is the hundreds digit of 1761601?
6
What is the ten thousands digit of 505364?
0
What is the tens digit of 9118852?
5
What is the units digit of 5978233?
3
What is the ten thousands digit of 59208?
5
What is the hundred thousands digit of 16967446?
9
What is the hundreds digit of 4823206?
2
What is the hundreds digit of 270205?
2
What is the millions digit of 2177889?
2
What is the units digit of 987159?
9
What is the units digit of 328425?
5
What is the thousands digit of 13571?
3
What is the ten thousands digit of 9647604?
4
What is the thousands digit of 732416?
2
What is the thousands digit of 894423?
4
What is the ten thousands digit of 50183?
5
What is the hundreds digit of 173813?
8
What is the units digit of 178440?
0
What is the millions digit of 11866204?
1
What is the hundreds digit of 11624